 highest common factor of z and b?
18
Let n = -4 - 9. Let c(y) = y**2 + 13*y + 15. Let b be c(n). Let g be (39/b)/(2/10). Calculate the highest common divisor of 39 and g.
13
Suppose 4*c = -5*t + 11 + 3, 0 = -5*t + 4*c + 46. Let x(l) = l**2 - 9*l + 37. Let w be x(t). What is the greatest common factor of 38 and w?
19
Let l = 398 - 156. Suppose -m + 94 = 2*s, 2*s = -3*m + 74 + 188. Suppose 4*b + 4*k + 0*k = m, -b + 26 = -4*k. Calculate the highest common factor of l and b.
22
Let g = -1 - -1. Suppose g*l + 10 = -2*l. Let p(k) = k**3 + 5*k**2 - 2*k - 2. Let z be p(l). What is the highest common factor of 8 and z?
8
Suppose -3*y + 85 + 365 = 0. What is the greatest common factor of y and 360?
30
Suppose 64 = -m - 2*i, -m - 2*i = -3*i + 67. Let y = m - -76. Calculate the greatest common factor of y and 10.
10
Let b = 23 - 19. Suppose -5*n + 36 = 4*r, -3*n - 4 + 0 = -b*r. Let v be 7 - r/(-12)*-9. Calculate the highest common divisor of v and 28.
4
Let f be ((-34)/(-8))/(7/56). Suppose -h = h - f. Let d = 450 - 297. What is the highest common divisor of d and h?
17
Let c = 19 - 39. Let a = c - -23. Suppose 3*q = -2*k + 73, -q + a*k + 2 = -15. What is the highest common factor of 69 and q?
23
Let g be -33*(-1 + (1 - 1)). Suppose -4*l = -5*w - 1437, l = 131*w - 136*w + 378. What is the highest common divisor of l and g?
33
Suppose -167 = -38*b + 365. What is the greatest common factor of b and 35?
7
Let u = 13 - 19. Let d be 8/(-6)*(u + 3). Let v be 73/3 + d/6. Calculate the greatest common divisor of 225 and v.
25
Let b be -2*55/(-20)*4. Suppose 5*u = 15, 2*j - 3*u = -u + 336. Suppose 2*y = -3*h + j, 2*y - 8 + 2 = 0. Calculate the greatest common factor of h and b.
11
Let f = 33 + -5. Let c = 44 - f. Calculate the highest common factor of 64 and c.
16
Let g be -1 + (1 - -1) + 1. Suppose -6 = -3*f, -g*f + 23 = 3*j + 2*f. What is the greatest common divisor of j and 30?
5
Suppose -8 = s - 5*z, 4*s + z - 10 = -0. Suppose -l - 3*f - f - 9 = 0, -9 = 3*f. Suppose -l - 3 = -3*j. What is the greatest common factor of s and j?
2
Let b = 34 - 20. Let m = 117 - 47. What is the greatest common factor of m and b?
14
Let m = -13 + 18. Suppose -10*o - 20 = -m*o. Let s be -3 - (-13 + o + 2). Calculate the highest common factor of 12 and s.
12
Let y = -8 + 3. Let j(o) = o**2 + 9*o + 2. Let k be j(y). Let g be (-148)/k + (-8)/36. What is the greatest common factor of 1 and g?
1
Let b be (-4)/(-2) - -31*1. Suppose 650 = 5*v - c + 151, -5*v - 5*c = -475. What is the greatest common divisor of b and v?
33
Let p(b) = 20*b - 18. Let c be p(3). Let w = c + -23. Calculate the greatest common factor of w and 19.
19
Suppose 0 = -4*o + 2*z - 0*z + 110, 0 = 3*o - z - 81. Let b be -5 + 3 + (o - -4). Let y be 18/5 + 8/20. Calculate the highest common divisor of y and b.
4
Suppose 0 = -4*t + 16 - 4, 5*q - t - 12 = 0. Suppose 8 - 2 = q*y. Suppose 23 - 3 = y*k. Calculate the greatest common factor of k and 50.
10
Suppose 67 - 297 = -2*t. What is the greatest common divisor of 46 and t?
23
Suppose 3*s + 3*k - 17 = -8, -2*s - 4*k = 0. Calculate the greatest common factor of 102 and s.
6
Let f(l) = 9*l**2 + 23*l + 104. Let z be f(-4). Let i(p) = -6*p + 9. Let n be i(-5). What is the highest common divisor of z and n?
39
Suppose 0 = -8*z + 5*z + 45. Suppose -8*r - 196 = -z*r. Calculate the greatest common divisor of 42 and r.
14
Suppose -5*p + 3*x + 307 = -431, -3*p + 458 = 2*x. Calculate the greatest common factor of p and 30.
30
Suppose 5*y - 3*m = 443, -19*y = -14*y + 3*m - 437. Calculate the greatest common factor of y and 1232.
88
Let k be (75/(-25))/((-6)/80). Calculate the highest common factor of 24 and k.
8
Let x be 27310/75 + (-6)/45. What is the highest common divisor of 56 and x?
28
Let z = 351 + -332. What is the greatest common factor of 247 and z?
19
Let p(i) = 2*i**3 - 10*i**2 - i + 3. Let s be p(7). Let w = s - 136. What is the highest common factor of w and 7?
7
Let u be (-42)/12*64/(-14). What is the greatest common divisor of 4 and u?
4
Let y(i) = -9*i - 1. Let f be y(-1). Let n be 2/(4/f*2). Suppose -3 = -z + 5*v + 19, 0 = n*z + v - 22. What is the highest common divisor of 30 and z?
6
Suppose -5*q + 87*h = 90*h, 3*q = -2*h - 1. Calculate the greatest common divisor of q and 12.
3
Suppose 5*m - 5*f - 90 = 0, -75 = -m - 3*m + 3*f. Suppose -14*z = -15*z + m. Calculate the highest common factor of 84 and z.
21
Let f = 3 - 2. Let r = -116 - -127. What is the highest common factor of r and f?
1
Let l be (-40)/(-240) + 1257/18. Let i be (3/2)/(2/4). Suppose i*x - h + 2*h = 39, x = -h + 11. What is the highest common factor of x and l?
14
Let n(p) = p**3 - 22*p**2 + p - 6. Let j be n(22). What is the greatest common divisor of j and 496?
16
Let n(b) = 3*b + 1. Let j be n(1). Let v be 2*-6*j/16 - -9. Calculate the greatest common factor of v and 2.
2
Let q be (-1)/2 + 6/(-4). Let k be q/2 - (0 + -1). Let n(y) = y + 14. Let g be n(k). Calculate the highest common factor of 7 and g.
7
Suppose -146 = -4*i + y, i = -0*i - 3*y + 43. What is the greatest common divisor of 259 and i?
37
Let r = -1390 + 1980. Let d be (-2)/18 + r/45. Calculate the highest common divisor of d and 13.
13
Suppose q = -o + 29, 3*q + 2*o + 152 = 8*q. Let s be (-29)/(-2)*(-4 + 0). Let v = -38 - s. Calculate the greatest common divisor of v and q.
10
Let g be (35/(-10) - 2)*2. Let l be 15 + g - (1 - 11). Calculate the highest common divisor of 7 and l.
7
Let k be 11 - (2 + -2 + -2). Let r be 80/(-30)*6/4. Let o = r + k. Calculate the highest common divisor of 63 and o.
9
Let o(q) = 4*q**2 + 2*q - 9. Let f be o(2). What is the greatest common divisor of f and 1133?
11
Let p be (112 - 1) + 1 + 0. Suppose 0 = -6*q + 5*r + 96, 3*r + 17 = 2*q - 15. What is the greatest common factor of p and q?
16
Let v(g) = 2*g**2 - 8*g**2 + 17*g + 12 + 0*g**2 - g**3 + 0. Let i be v(-8). What is the greatest common divisor of 4 and i?
4
Suppose -1285 = -15*y + 3995. What is the highest common divisor of y and 44?
44
Suppose -41*c = 29*c - 490. Calculate the greatest common factor of c and 791.
7
Suppose 3*y = 4*y - 4. Let o = 3154 - 3146. Calculate the greatest common divisor of y and o.
4
Suppose -3*l + 2*g + 7 = 0, -g - 2*g = -12. Suppose -4*z + 5*o = z - 50, l*z - 2*o = 56. Calculate the highest common factor of 60 and z.
12
Suppose 0*b = 2*b + 2*a + 40, -2*b - 55 = 5*a. Let u = 38 + b. Calculate the greatest common factor of 92 and u.
23
Suppose 0 = -21*i + 13*i + 240. What is the highest common factor of 270 and i?
30
Suppose 20 = 4*o, -p + 100 = -4*o - 62. Let u = -349 + p. Let x = u - -242. Calculate the highest common factor of x and 50.
25
Suppose -65*t + 9450 = -23*t. What is the greatest common factor of 45 and t?
45
Suppose -69*c = -35*c - 8058. Calculate the greatest common divisor of 3 and c.
3
Suppose 5*u - 18 + 8 = 0. Let o be (3 + 1)*1 + u. Let c be 6*(1 - (-3)/(-6)). What is the greatest common factor of o and c?
3
Let u(t) = 30*t. Let c be u(1). Suppose 66 = 4*l - c. Let r = 19 - 3. What is the highest common factor of r and l?
8
Suppose -6*a = -2*a - 612. Suppose 4*r - 135 = a. What is the highest common factor of r and 8?
8
Suppose -o + w + 700 = 4*o, o - 4*w = 140. Suppose 3*x + 4*h = 64, x - 6*h - 43 = -3*h. What is the highest common divisor of x and o?
28
Let t(b) = b**2 + 10*b + 12. Let x be t(-10). Suppose -x - 52 = -i. Let g(p) = p**2 + 2*p + 8. Let k be g(0). Calculate the greatest common divisor of i and k.
8
Let m = 30 + 5. What is the highest common factor of m and 14?
7
Suppose 2*x - 3*x = 14. Let b be 4*x/6*-6. What is the greatest common factor of b and 7?
7
Suppose -2*i = 2*p + 10, 0 = -p - 5*i - 4 - 21. Let v be (-78)/15*(-65 + p). Let d = v - 93. Calculate the highest common divisor of d and 35.
35
Let u be 6/((20/2)/5). Suppose 2*v + 6 = -3*f + 52, u*f - 86 = -4*v. What is the greatest common divisor of 100 and v?
20
Suppose 2*a + 3*k + 51 = 0, 2*a + k + 107 = -2*a. Let m = a + 32. What is the greatest common divisor of 1 and m?
1
Let z(h) = h + 3. Let v(y) = -y - 4. Let a(i) = -3*v(i) - 4*z(i). Let j be a(-4). Let x = -15 + 21. Calculate the greatest common divisor of j and x.
2
Let d be (-4)/10 + (-452)/(-5). Suppose -4*l - 9 - 7 = 0, 2*h - 2*l = 44. What is the greatest common fac